at is the hundreds digit of 4481?
4
What is the hundreds digit of 1106?
1
What is the tens digit of 97042?
4
What is the ten thousands digit of 11472?
1
What is the ten thousands digit of 12221?
1
What is the ten thousands digit of 86758?
8
What is the tens digit of 9082?
8
What is the ten thousands digit of 13364?
1
What is the hundreds digit of 55310?
3
What is the thousands digit of 7279?
7
What is the ten thousands digit of 41568?
4
What is the units digit of 1425?
5
What is the tens digit of 148271?
7
What is the units digit of 15895?
5
What is the hundreds digit of 8026?
0
What is the hundreds digit of 449?
4
What is the hundreds digit of 55044?
0
What is the tens digit of 2584?
8
What is the hundreds digit of 607?
6
What is the units digit of 4931?
1
What is the thousands digit of 18255?
8
What is the units digit of 1302?
2
What is the hundreds digit of 498?
4
What is the hundreds digit of 10155?
1
What is the units digit of 15936?
6
What is the thousands digit of 20873?
0
What is the hundreds digit of 345?
3
What is the tens digit of 15530?
3
What is the hundreds digit of 10606?
6
What is the units digit of 13398?
8
What is the hundreds digit of 212?
2
What is the thousands digit of 37577?
7
What is the thousands digit of 5249?
5
What is the ten thousands digit of 12743?
1
What is the hundreds digit of 12182?
1
What is the units digit of 19354?
4
What is the tens digit of 859?
5
What is the hundreds digit of 1457?
4
What is the hundreds digit of 427?
4
What is the tens digit of 80198?
9
What is the tens digit of 16?
1
What is the thousands digit of 16114?
6
What is the thousands digit of 2371?
2
What is the hundreds digit of 3126?
1
What is the thousands digit of 1206?
1
What is the hundreds digit of 116532?
5
What is the hundreds digit of 85835?
8
What is the hundreds digit of 8243?
2
What is the tens digit of 775?
7
What is the units digit of 22590?
0
What is the hundreds digit of 4125?
1
What is the units digit of 1014?
4
What is the thousands digit of 1261?
1
What is the tens digit of 92604?
0
What is the thousands digit of 11613?
1
What is the tens digit of 1994?
9
What is the tens digit of 4167?
6
What is the units digit of 1727?
7
What is the hundreds digit of 478?
4
What is the tens digit of 507?
0
What is the tens digit of 12151?
5
What is the units digit of 1630?
0
What is the hundreds digit of 9724?
7
What is the hundreds digit of 21646?
6
What is the thousands digit of 18741?
8
What is the tens digit of 45078?
7
What is the units digit of 7020?
0
What is the hundreds digit of 31433?
4
What is the units digit of 7314?
4
What is the tens digit of 3406?
0
What is the hundreds digit of 1731?
7
What is the units digit of 14675?
5
What is the hundreds digit of 7887?
8
What is the units digit of 17459?
9
What is the tens digit of 4221?
2
What is the hundreds digit of 959?
9
What is the ten thousands digit of 43698?
4
What is the hundreds digit of 3197?
1
What is the thousands digit of 1282?
1
What is the thousands digit of 19159?
9
What is the hundreds digit of 2132?
1
What is the units digit of 31396?
6
What is the hundreds digit of 1831?
8
What is the tens digit of 1137?
3
What is the hundreds digit of 50581?
5
What is the units digit of 6527?
7
What is the units digit of 32658?
8
What is the tens digit of 1321?
2
What is the hundreds digit of 12426?
4
What is the units digit of 8557?
7
What is the hundreds digit of 13455?
4
What is the hundreds digit of 9639?
6
What is the units digit of 5123?
3
What is the thousands digit of 1374?
1
What is the units digit of 46302?
2
What is the tens digit of 144?
4
What is the thousands digit of 4274?
4
What is the units digit of 47127?
7
What is the units digit of 304?
4
What is the units digit of 637?
7
What is the tens digit of 62?
6
What is the hundreds digit of 7949?
9
What is the thousands digit of 109968?
9
What is the thousands digit of 35678?
5
What is the hundreds digit of 633?
6
What is the tens digit of 2368?
6
What is the tens digit of 257?
5
What is the thousands digit of 8820?
8
What is the tens digit of 1721?
2
What is the hundreds digit of 1993?
9
What is the tens digit of 2887?
8
What is the tens digit of 1418?
1
What is the tens digit of 12160?
6
What is the thousands digit of 9601?
9
What is the thousands digit of 6209?
6
What is the tens digit of 2525?
2
What is the tens digit of 24253?
5
What is the tens digit of 52?
5
What is the units digit of 2098?
8
What is the tens digit of 6486?
8
What is the hundreds digit of 1903?
9
What is the hundreds digit of 7218?
2
What is the hundreds digit of 9270?
2
What is the hundreds digit of 113444?
4
What is the thousands digit of 2090?
2
What is the units digit of 2038?
8
What is the tens digit of 26324?
2
What is the tens digit of 37891?
9
What is the hundreds digit of 31057?
0
What is the ten thousands digit of 13676?
1
What is the thousands digit of 1216?
1
What is the tens digit of 9961?
6
What is the units digit of 697?
7
What is the tens digit of 660?
6
What is the tens digit of 1872?
7
What is the hundreds digit of 1078?
0
What is the tens digit of 4273?
7
What is the tens digit of 697?
9
What is the units digit of 10550?
0
What is the tens digit of 55?
5
What is the units digit of 10348?
8
What is the hundreds digit of 16090?
0
What is the tens digit of 786?
8
What is the tens digit of 1488?
8
What is the thousands digit of 20408?
0
What is the units digit of 28589?
9
What is the tens digit of 1028?
2
What is the tens digit of 6181?
8
What is the units digit of 9583?
3
What is the hundreds digit of 119?
1
What is the units digit of 6204?
4
What is the thousands digit of 2324?
2
What is the units digit of 1074?
4
What is the thousands digit of 45860?
5
What is the tens digit of 944?
4
What is the tens digit of 2338?
3
What is the hundreds digit of 484?
4
What is the tens digit of 48359?
5
What is the tens digit of 15056?
5
What is the hundreds digit of 1683?
6
What is the tens digit of 29693?
9
What is the thousands digit of 9314?
9
What is the thousands digit of 4052?
4
What is the tens digit of 28210?
1
What is the thousands digit of 46592?
6
What is the ten thousands digit of 23082?
2
What is the thousands digit of 68366?
8
What is the tens digit of 680?
8
What is the hundreds digit of 16923?
9
What is the units digit of 986?
6
What is the thousands digit of 1010?
1
What is the hundreds digit of 3933?
9
What is the units digit of 141?
1
What is the tens digit of 5820?
2
What is the thousands digit of 1958?
1
What is the tens digit of 2054?
5
What is the units digit of 249?
9
What is the tens digit of 1662?
6
What is the units digit of 2135?
5
What is the units digit of 11297?
7
What is the thousands digit of 2337?
2
What is the thousands digit of 2262?
2
What is the tens digit of 1771?
7
What is the thousands digit of 1532?
1
What is the units digit of 13950?
0
What is the thousands digit of 3109?
3
What is the units digit of 5275?
5
What is the ten thousands digit of 15748?
1
What is the hundreds digit of 1444?
4
What is the thousands digit of 79397?
9
What is the thousands digit of 26552?
6
What is the hundreds digit of 467?
4
What is the tens digit of 10277?
7
What is the thousands digit of 131987?
1
What is the thousands digit of 1266?
1
What is the hundreds digit of 1965?
9
What is the tens digit of 17264?
6
What is the thousands digit of 12803?
2
What is the thousands digit of 107867?
7
What is the units digit of 3292?
2
What is the thousands digit of 64075?
4
What is the tens digit of 86?
8
What is the hundreds digit of 59668?
6
What is the hundreds digit of 2003?
0
What is the units digit of 3539?
9
What is the thousands digit of 1789?
1
What is the tens digit of 446?
4
What is the tens digit of 1445?
4
What is the thousands digit of 1536?
1
What is the units digit of 5595?
5
What is the tens digit of 43?
4
What is the units digit of 2429?
9
What is the tens digit of 27649?
4
What is the tens digit of 6783?
8
What is the tens digit of 47953?
5
What is the thousands digit of 92655?
2
What is the tens digit of 812?
1
What is the units digit of 1597?
7
What is the thousands digit of 13935?
3
What is the hundreds digit of 45740?
7
What is the tens digit of 12744?
4
What is the units digit of 38136?
6
What is the 